{"id":427,"date":"2021-03-30T14:35:52","date_gmt":"2021-03-30T13:35:52","guid":{"rendered":"https:\/\/auvigue.agencealbum.com\/?post_type=product&#038;p=427"},"modified":"2023-11-28T17:59:36","modified_gmt":"2023-11-28T16:59:36","slug":"la-cote-rotie","status":"publish","type":"product","link":"https:\/\/auvigue.fr\/en\/product\/la-cote-rotie\/","title":{"rendered":"Saint-V\u00e9ran Cuv\u00e9e L&rsquo;OR"},"content":{"rendered":"<p class=\" translation-block\">This cuv\u00e9e comes from a parcel registered in the Napoleonic cadastre under the name \u201cLa C\u00f4te R\u00f4tie\u201d. The producers of the \u201cC\u00f4te R\u00f4tie\u201d appellation in the Rh\u00f4ne and the INAO prohibit us from using this \"climat\" name and therefore the possibility of highlighting our terroirs and our history.<\/p>","protected":false},"excerpt":{"rendered":"<p>Cette cuv\u00e9e est issue d\u2019une parcelle enregistr\u00e9e au cadastre napol\u00e9onien sous le nom \u00ab La C\u00f4te R\u00f4tie \u00bb. Les producteurs de l\u2019appellation \u00ab C\u00f4te R\u00f4tie \u00bb dans le Rh\u00f4ne et l\u2019INAO nous interdisent d\u2019utiliser ce nom de climat et donc la possibilit\u00e9 de mettre en avant nos terroirs et notre<\/p>\n<p><a class=\"excerpt-more\" href=\"https:\/\/auvigue.fr\/en\/product\/la-cote-rotie\/\"><i class=\"bi bi-arrow-right\"><\/i><\/a><\/p>","protected":false},"featured_media":2409,"template":"","meta":[],"product_cat":[20],"product_tag":[],"yoast_head":"<!-- This site is optimized with the Yoast SEO plugin v16.6 - https:\/\/yoast.com\/wordpress\/plugins\/seo\/ -->\n<title>Saint-V\u00e9ran Cuv\u00e9e L&#039;OR - Auvigue<\/title>\n<meta name=\"description\" content=\"D\u00e9couvrez les vins de la Maison Auvigue : Pouilly-Fuiss\u00e9, Saint-V\u00e9ran, M\u00e2con-Villages... Situ\u00e9e \u00e0 Fuiss\u00e9, en Bourgogne du Sud, depuis 1946.\" \/>\n<meta name=\"robots\" content=\"index, follow, max-snippet:-1, max-image-preview:large, max-video-preview:-1\" \/>\n<link rel=\"canonical\" href=\"https:\/\/auvigue.fr\/en\/product\/la-cote-rotie\/\" \/>\n<meta property=\"og:locale\" content=\"en_GB\" \/>\n<meta property=\"og:type\" content=\"article\" \/>\n<meta property=\"og:title\" content=\"Saint-V\u00e9ran Cuv\u00e9e L&#039;OR - Auvigue\" \/>\n<meta property=\"og:description\" content=\"D\u00e9couvrez les vins de la Maison Auvigue : Pouilly-Fuiss\u00e9, Saint-V\u00e9ran, M\u00e2con-Villages... Situ\u00e9e \u00e0 Fuiss\u00e9, en Bourgogne du Sud, depuis 1946.\" \/>\n<meta property=\"og:url\" content=\"https:\/\/auvigue.fr\/en\/product\/la-cote-rotie\/\" \/>\n<meta property=\"og:site_name\" content=\"Auvigue\" \/>\n<meta property=\"article:publisher\" content=\"https:\/\/www.facebook.com\/maisonauvigue\" \/>\n<meta property=\"article:modified_time\" content=\"2023-11-28T16:59:36+00:00\" \/>\n<meta property=\"og:image\" content=\"https:\/\/auvigue.fr\/wp-content\/uploads\/2023\/11\/SAINT-VERAN-L-OR-MAISON-AUVIGUE.png\" \/>\n\t<meta property=\"og:image:width\" content=\"1417\" \/>\n\t<meta property=\"og:image:height\" content=\"4134\" \/>\n<meta name=\"twitter:card\" content=\"summary_large_image\" \/>\n<meta name=\"twitter:label1\" content=\"Estimated reading time\" \/>\n\t<meta name=\"twitter:data1\" content=\"1 minute\" \/>\n<script type=\"application\/ld+json\" class=\"yoast-schema-graph\">{\"@context\":\"https:\/\/schema.org\",\"@graph\":[{\"@type\":\"WebSite\",\"@id\":\"https:\/\/auvigue.fr\/#website\",\"url\":\"https:\/\/auvigue.fr\/\",\"name\":\"Auvigue\",\"description\":\"\",\"potentialAction\":[{\"@type\":\"SearchAction\",\"target\":{\"@type\":\"EntryPoint\",\"urlTemplate\":\"https:\/\/auvigue.fr\/?s={search_term_string}\"},\"query-input\":\"required name=search_term_string\"}],\"inLanguage\":\"en-GB\"},{\"@type\":\"ImageObject\",\"@id\":\"https:\/\/auvigue.fr\/produit\/la-cote-rotie\/#primaryimage\",\"inLanguage\":\"en-GB\",\"url\":\"https:\/\/auvigue.fr\/wp-content\/uploads\/2023\/11\/SAINT-VERAN-L-OR-MAISON-AUVIGUE.png\",\"contentUrl\":\"https:\/\/auvigue.fr\/wp-content\/uploads\/2023\/11\/SAINT-VERAN-L-OR-MAISON-AUVIGUE.png\",\"width\":1417,\"height\":4134},{\"@type\":\"WebPage\",\"@id\":\"https:\/\/auvigue.fr\/produit\/la-cote-rotie\/#webpage\",\"url\":\"https:\/\/auvigue.fr\/produit\/la-cote-rotie\/\",\"name\":\"Saint-V\\u00e9ran Cuv\\u00e9e L'OR - Auvigue\",\"isPartOf\":{\"@id\":\"https:\/\/auvigue.fr\/#website\"},\"primaryImageOfPage\":{\"@id\":\"https:\/\/auvigue.fr\/produit\/la-cote-rotie\/#primaryimage\"},\"datePublished\":\"2021-03-30T13:35:52+00:00\",\"dateModified\":\"2023-11-28T16:59:36+00:00\",\"description\":\"D\\u00e9couvrez les vins de la Maison Auvigue : Pouilly-Fuiss\\u00e9, Saint-V\\u00e9ran, M\\u00e2con-Villages... Situ\\u00e9e \\u00e0 Fuiss\\u00e9, en Bourgogne du Sud, depuis 1946.\",\"breadcrumb\":{\"@id\":\"https:\/\/auvigue.fr\/produit\/la-cote-rotie\/#breadcrumb\"},\"inLanguage\":\"en-GB\",\"potentialAction\":[{\"@type\":\"ReadAction\",\"target\":[\"https:\/\/auvigue.fr\/produit\/la-cote-rotie\/\"]}]},{\"@type\":\"BreadcrumbList\",\"@id\":\"https:\/\/auvigue.fr\/produit\/la-cote-rotie\/#breadcrumb\",\"itemListElement\":[{\"@type\":\"ListItem\",\"position\":1,\"name\":\"Home\",\"item\":\"https:\/\/auvigue.fr\/\"},{\"@type\":\"ListItem\",\"position\":2,\"name\":\"Nos Vins\",\"item\":\"https:\/\/auvigue.fr\/boutique\/\"},{\"@type\":\"ListItem\",\"position\":3,\"name\":\"Saint-V\\u00e9ran Cuv\\u00e9e L&rsquo;OR\"}]}]}<\/script>\n<!-- \/ Yoast SEO plugin. -->","_links":{"self":[{"href":"https:\/\/auvigue.fr\/en\/wp-json\/wp\/v2\/product\/427"}],"collection":[{"href":"https:\/\/auvigue.fr\/en\/wp-json\/wp\/v2\/product"}],"about":[{"href":"https:\/\/auvigue.fr\/en\/wp-json\/wp\/v2\/types\/product"}],"wp:featuredmedia":[{"embeddable":true,"href":"https:\/\/auvigue.fr\/en\/wp-json\/wp\/v2\/media\/2409"}],"wp:attachment":[{"href":"https:\/\/auvigue.fr\/en\/wp-json\/wp\/v2\/media?parent=427"}],"wp:term":[{"taxonomy":"product_cat","embeddable":true,"href":"https:\/\/auvigue.fr\/en\/wp-json\/wp\/v2\/product_cat?post=427"},{"taxonomy":"product_tag","embeddable":true,"href":"https:\/\/auvigue.fr\/en\/wp-json\/wp\/v2\/product_tag?post=427"}],"curies":[{"name":"wp","href":"https:\/\/api.w.org\/{rel}","templated":true}]}}

Saint-Véran Cuvée L&rsquo;OR

<p class=" translation-block">This cuvée comes from a parcel registered in the Napoleonic cadastre under the name “La Côte Rôtie”. The producers of the “Côte Rôtie” appellation in the Rhône and the INAO prohibit us from using this "climat" name and therefore the possibility of highlighting our terroirs and our history.</p>

<p>Cette cuvée est issue d’une parcelle enregistrée au cadastre napoléonien sous le nom « La Côte Rôtie ». Les producteurs de l’appellation « Côte Rôtie » dans le Rhône et l’INAO nous interdisent d’utiliser ce nom de climat et donc la possibilité de mettre en avant nos terroirs et notre</p>
<p><a class="excerpt-more" href="https://auvigue.fr/en/product/la-cote-rotie/"><i class="bi bi-arrow-right"></i></a></p>

<!-- This site is optimized with the Yoast SEO plugin v16.6 - https://yoast.com/wordpress/plugins/seo/ -->
<title>Saint-Véran Cuvée L&#039;OR - Auvigue</title>
<meta name="description" content="Découvrez les vins de la Maison Auvigue : Pouilly-Fuissé, Saint-Véran, Mâcon-Villages... Située à Fuissé, en Bourgogne du Sud, depuis 1946." />
<meta name="robots" content="index, follow, max-snippet:-1, max-image-preview:large, max-video-preview:-1" />
<link rel="canonical" href="https://auvigue.fr/en/product/la-cote-rotie/" />
<meta property="og:locale" content="en_GB" />
<meta property="og:type" content="article" />
<meta property="og:title" content="Saint-Véran Cuvée L&#039;OR - Auvigue" />
<meta property="og:description" content="Découvrez les vins de la Maison Auvigue : Pouilly-Fuissé, Saint-Véran, Mâcon-Villages... Située à Fuissé, en Bourgogne du Sud, depuis 1946." />
<meta property="og:url" content="https://auvigue.fr/en/product/la-cote-rotie/" />
<meta property="og:site_name" content="Auvigue" />
<meta property="article:publisher" content="https://www.facebook.com/maisonauvigue" />
<meta property="article:modified_time" content="2023-11-28T16:59:36+00:00" />
<meta property="og:image" content="https://auvigue.fr/wp-content/uploads/2023/11/SAINT-VERAN-L-OR-MAISON-AUVIGUE.png" />
	<meta property="og:image:width" content="1417" />
	<meta property="og:image:height" content="4134" />
<meta name="twitter:card" content="summary_large_image" />
<meta name="twitter:label1" content="Estimated reading time" />
	<meta name="twitter:data1" content="1 minute" />
<script type="application/ld+json" class="yoast-schema-graph">{"@context":"https://schema.org","@graph":[{"@type":"WebSite","@id":"https://auvigue.fr/#website","url":"https://auvigue.fr/","name":"Auvigue","description":"","potentialAction":[{"@type":"SearchAction","target":{"@type":"EntryPoint","urlTemplate":"https://auvigue.fr/?s={search_term_string}"},"query-input":"required name=search_term_string"}],"inLanguage":"en-GB"},{"@type":"ImageObject","@id":"https://auvigue.fr/produit/la-cote-rotie/#primaryimage","inLanguage":"en-GB","url":"https://auvigue.fr/wp-content/uploads/2023/11/SAINT-VERAN-L-OR-MAISON-AUVIGUE.png","contentUrl":"https://auvigue.fr/wp-content/uploads/2023/11/SAINT-VERAN-L-OR-MAISON-AUVIGUE.png","width":1417,"height":4134},{"@type":"WebPage","@id":"https://auvigue.fr/produit/la-cote-rotie/#webpage","url":"https://auvigue.fr/produit/la-cote-rotie/","name":"Saint-V\u00e9ran Cuv\u00e9e L'OR - Auvigue","isPartOf":{"@id":"https://auvigue.fr/#website"},"primaryImageOfPage":{"@id":"https://auvigue.fr/produit/la-cote-rotie/#primaryimage"},"datePublished":"2021-03-30T13:35:52+00:00","dateModified":"2023-11-28T16:59:36+00:00","description":"D\u00e9couvrez les vins de la Maison Auvigue : Pouilly-Fuiss\u00e9, Saint-V\u00e9ran, M\u00e2con-Villages... Situ\u00e9e \u00e0 Fuiss\u00e9, en Bourgogne du Sud, depuis 1946.","breadcrumb":{"@id":"https://auvigue.fr/produit/la-cote-rotie/#breadcrumb"},"inLanguage":"en-GB","potentialAction":[{"@type":"ReadAction","target":["https://auvigue.fr/produit/la-cote-rotie/"]}]},{"@type":"BreadcrumbList","@id":"https://auvigue.fr/produit/la-cote-rotie/#breadcrumb","itemListElement":[{"@type":"ListItem","position":1,"name":"Home","item":"https://auvigue.fr/"},{"@type":"ListItem","position":2,"name":"Nos Vins","item":"https://auvigue.fr/boutique/"},{"@type":"ListItem","position":3,"name":"Saint-V\u00e9ran Cuv\u00e9e L&rsquo;OR"}]}]}</script>
<!-- / Yoast SEO plugin. -->
